{"id":9938,"date":"2025-03-06T11:46:11","date_gmt":"2025-03-06T11:46:11","guid":{"rendered":"https:\/\/phoenixplant.ro\/index.php\/produs\/vermicin-cu-miere-si-propolis-d73-sirop-100-ml\/"},"modified":"2025-10-04T16:32:01","modified_gmt":"2025-10-04T16:32:01","slug":"vermicin-cu-miere-si-propolis-d73-sirop-100-ml","status":"publish","type":"product","link":"https:\/\/phoenixplant.ro\/index.php\/produs\/vermicin-cu-miere-si-propolis-d73-sirop-100-ml\/","title":{"rendered":"Vermicin cu miere si propolis, D73, sirop, 100 ml"},"content":{"rendered":"<p>Lupt\u0103 \u00eempotriva parazi\u021bilor intestinali.\u00a0Siropul pe baz\u0103 de plante medicinale are un spectru larg de ac\u021biune asupra organismelor d\u0103un\u0103toare din tractul digestiv.Rezultatele \u00eencep s\u0103 se vad\u0103 dup\u0103 primele 10 zile de administrare.Nu produce constipa\u021bie.\u00a0Deoarece siropul con\u021bine ingrediente naturale, nu determin\u0103 reac\u021bii nepl\u0103cute la nivelul tranzitului intestinal.Nu are efecte secundare asupra ficatului.Poate fi administrat \u0219i copiilor \u00eencep\u00e2nd cu v\u00e2rsta de 1 an.https:\/\/www.youtube.com\/watch?v=PyJZYbosH3c&amp;t=167s<\/p>\n","protected":false},"excerpt":{"rendered":"<p>Lupt\u0103 \u00eempotriva parazi\u021bilor intestinali.\u00a0Siropul pe baz\u0103 de plante medicinale are un spectru larg de ac\u021biune asupra organismelor d\u0103un\u0103toare din tractul<\/p>\n","protected":false},"featured_media":9940,"comment_status":"closed","ping_status":"closed","template":"","meta":[],"product_brand":[],"product_cat":[2642],"product_tag":[],"class_list":{"0":"post-9938","1":"product","2":"type-product","3":"status-publish","4":"has-post-thumbnail","6":"product_cat-siropuri-terapeutice","8":"first","9":"onbackorder","10":"purchasable","11":"product-type-simple"},"jetpack_sharing_enabled":true,"_links":{"self":[{"href":"https:\/\/phoenixplant.ro\/index.php\/wp-json\/wp\/v2\/product\/9938","targetHints":{"allow":["GET"]}}],"collection":[{"href":"https:\/\/phoenixplant.ro\/index.php\/wp-json\/wp\/v2\/product"}],"about":[{"href":"https:\/\/phoenixplant.ro\/index.php\/wp-json\/wp\/v2\/types\/product"}],"replies":[{"embeddable":true,"href":"https:\/\/phoenixplant.ro\/index.php\/wp-json\/wp\/v2\/comments?post=9938"}],"version-history":[{"count":1,"href":"https:\/\/phoenixplant.ro\/index.php\/wp-json\/wp\/v2\/product\/9938\/revisions"}],"predecessor-version":[{"id":12278,"href":"https:\/\/phoenixplant.ro\/index.php\/wp-json\/wp\/v2\/product\/9938\/revisions\/12278"}],"wp:featuredmedia":[{"embeddable":true,"href":"https:\/\/phoenixplant.ro\/index.php\/wp-json\/wp\/v2\/media\/9940"}],"wp:attachment":[{"href":"https:\/\/phoenixplant.ro\/index.php\/wp-json\/wp\/v2\/media?parent=9938"}],"wp:term":[{"taxonomy":"product_brand","embeddable":true,"href":"https:\/\/phoenixplant.ro\/index.php\/wp-json\/wp\/v2\/product_brand?post=9938"},{"taxonomy":"product_cat","embeddable":true,"href":"https:\/\/phoenixplant.ro\/index.php\/wp-json\/wp\/v2\/product_cat?post=9938"},{"taxonomy":"product_tag","embeddable":true,"href":"https:\/\/phoenixplant.ro\/index.php\/wp-json\/wp\/v2\/product_tag?post=9938"}],"curies":[{"name":"wp","href":"https:\/\/api.w.org\/{rel}","templated":true}]}}