{"id":7815,"date":"2025-03-06T11:05:38","date_gmt":"2025-03-06T11:05:38","guid":{"rendered":"https:\/\/phoenixplant.ro\/index.php\/produs\/argila-pulbere\/"},"modified":"2026-05-14T08:23:19","modified_gmt":"2026-05-14T08:23:19","slug":"argila-pulbere","status":"publish","type":"product","link":"https:\/\/phoenixplant.ro\/index.php\/produs\/argila-pulbere\/","title":{"rendered":"FAV  Argila praf  100gr"},"content":{"rendered":"<p>Argila reflect\u0103 inteligen\u0163a Naturii \u015fi are o compozi\u0163ie asem\u0103n\u0103toare cu aceea a corpului nostru.<\/p>\n<p>Con\u0163ine minerale (calciu, magneziu, siliciu, fier etc), fapt ce-i confer\u0103 \u00eensu\u015firea de a cur\u0103\u0163a s\u00e2ngele de toxine.<\/p>\n<p>Nu are efecte secundare sau contraindica\u0163ii.<\/p>\n<p>Efecte: remineralizant, protejeaz\u00e3 \u00eempotriva microorganismelor patogene, cur\u0103\u021b\u0103 s\u00e2ngele de toxine, fortific\u0103 organismul, asigur\u0103 protec\u021bie \u00een cazul bolilor degenerative.<\/p>\n<p>Recomand\u00e3ri: ca adjuvant \u00een gastrit\u0103, ulcer gastro-duodenal, aerofagie, diaree, enterocolite, parazitoze intestinale, astenii, acnee, gingivite, laringite, reumatism, boli grave.<\/p>\n<p>Mod de utilizare: conform prospectului<\/p>\n<p>Alte informa\u021bii utile:<br \/>\nArgila &#8211; \u00een cure interne, ca \u015fi sub form\u0103 de plasturi, cataplasme, b\u0103i &#8211; completeaz\u0103 necesarul de constituien\u0163i anorganici, restabile\u015fte echilibrul acido-bazic, reglementeaz\u0103 digestia, stimuleaz\u0103 activitatea glandelor endocrine, combate hiperaciditatea, ajut\u0103 la formarea de noi globule ro\u015fii \u015fi implicit la \u00eenlocuirea \u00een fluxul sanguin, a celor \u00eemb\u0103tr\u00e2nite. Fortific\u0103 organismul, previne degenerescen\u0163a, permite o mai bun\u0103 absorb\u0163ie alimentar\u0103, \u00eens\u0103n\u0103to\u015fe\u015fte flora intestinal\u0103, accelereaz\u0103 drenajul \u015fi evacuarea. Ajut\u0103 la normalizarea tensiunii arteriale. Consum\u00e2nd argil\u0103, v\u0103 rec\u00e2\u015ftiga\u0163i, vizibil, vigoarea \u015fi dinamismul.<\/p>\n<p>\u2022Echilibreaz\u0103 activitatea glandelor endocrine.<br \/>\n\u2022Cur\u0103\u0163\u0103 s\u00e2ngele, ficatul, splina, pancreasul de toxinele acumulate \u00een procesele metabolice.<br \/>\n\u2022Alung\u0103 stresul (datorit\u0103 con\u0163inutului de minerale).<br \/>\n\u2022Protejeaz\u0103 bolnavii de diabet (efect u\u015for hipoglicemiant).<br \/>\n\u2022Este o component\u0103 esen\u0163ial\u0103 \u00een orice tratament natural FAVISAN.<\/p>\n<p>Ingrediente: argil\u0103<\/p>\n","protected":false},"excerpt":{"rendered":"<p>Argila reflect\u0103 inteligen\u0163a Naturii \u015fi are o compozi\u0163ie asem\u0103n\u0103toare cu aceea a corpului nostru. Con\u0163ine minerale (calciu, magneziu, siliciu, fier<\/p>\n","protected":false},"featured_media":7817,"comment_status":"closed","ping_status":"closed","template":"","meta":[],"product_brand":[],"product_cat":[2624],"product_tag":[],"class_list":{"0":"post-7815","1":"product","2":"type-product","3":"status-publish","4":"has-post-thumbnail","6":"product_cat-pulberi","8":"first","9":"instock","10":"purchasable","11":"product-type-simple"},"jetpack_sharing_enabled":true,"_links":{"self":[{"href":"https:\/\/phoenixplant.ro\/index.php\/wp-json\/wp\/v2\/product\/7815","targetHints":{"allow":["GET"]}}],"collection":[{"href":"https:\/\/phoenixplant.ro\/index.php\/wp-json\/wp\/v2\/product"}],"about":[{"href":"https:\/\/phoenixplant.ro\/index.php\/wp-json\/wp\/v2\/types\/product"}],"replies":[{"embeddable":true,"href":"https:\/\/phoenixplant.ro\/index.php\/wp-json\/wp\/v2\/comments?post=7815"}],"version-history":[{"count":2,"href":"https:\/\/phoenixplant.ro\/index.php\/wp-json\/wp\/v2\/product\/7815\/revisions"}],"predecessor-version":[{"id":17410,"href":"https:\/\/phoenixplant.ro\/index.php\/wp-json\/wp\/v2\/product\/7815\/revisions\/17410"}],"wp:featuredmedia":[{"embeddable":true,"href":"https:\/\/phoenixplant.ro\/index.php\/wp-json\/wp\/v2\/media\/7817"}],"wp:attachment":[{"href":"https:\/\/phoenixplant.ro\/index.php\/wp-json\/wp\/v2\/media?parent=7815"}],"wp:term":[{"taxonomy":"product_brand","embeddable":true,"href":"https:\/\/phoenixplant.ro\/index.php\/wp-json\/wp\/v2\/product_brand?post=7815"},{"taxonomy":"product_cat","embeddable":true,"href":"https:\/\/phoenixplant.ro\/index.php\/wp-json\/wp\/v2\/product_cat?post=7815"},{"taxonomy":"product_tag","embeddable":true,"href":"https:\/\/phoenixplant.ro\/index.php\/wp-json\/wp\/v2\/product_tag?post=7815"}],"curies":[{"name":"wp","href":"https:\/\/api.w.org\/{rel}","templated":true}]}}