{"id":16679,"date":"2025-04-25T06:03:43","date_gmt":"2025-04-25T06:03:43","guid":{"rendered":"https:\/\/phoenixplant.ro\/index.php\/produs\/dermotis-arnica-gel-x-50ml\/"},"modified":"2026-05-17T13:29:56","modified_gmt":"2026-05-17T13:29:56","slug":"dermotis-arnica-gel-x-50ml","status":"publish","type":"product","link":"https:\/\/phoenixplant.ro\/index.php\/produs\/dermotis-arnica-gel-x-50ml\/","title":{"rendered":"T Crema arnica 50ml"},"content":{"rendered":"<p>Produsul are efect antiinflamator \u0219i antalgic. Extractul de arnic\u0103 stimuleaz\u0103 circula\u021bia s\u00e2ngelui \u0219i accelereaz\u0103 resorb\u021bia hematoamelor. \u00cen timpul aplic\u0103rii produce o senza\u021bie de r\u0103coare \u0219i de calmare imediat\u0103 a durerii.<\/p>\n<p>Recomandat \u00een: echimoze, edeme, contuzii, dureri musculare, \u00een\u021bep\u0103turi de insecte.<\/p>\n<p>Mod de utilizare: aplica\u0163ii locale, \u00een strat sub\u021bire, cu o u\u0219oar\u0103 masare a zonei afectate, de 2-3 ori pe zi.<\/p>\n<p>A se p\u0103stra la temperaturi de maxim 25\u00b0C, \u00een ambalaj original.<\/p>\n<p>Contraindicat persoanelor cu hipersensibilitate la una dintre componentele produsului.<\/p>\n<p>A se folosi, de preferin\u0163\u0103, \u00eenainte de: vezi ambalaj<\/p>\n<p>Prezentare:\u00a0tub x 50 ml<\/p>\n<p>Ingrediente: aqua, glycerin, Arnica montana flower extract (arnic\u0103), carbomer, Hypericum perforatum extract (sun\u0103toare), methylparaben.<\/p>\n","protected":false},"excerpt":{"rendered":"<p>Produsul are efect antiinflamator \u0219i antalgic. Extractul de arnic\u0103 stimuleaz\u0103 circula\u021bia s\u00e2ngelui \u0219i accelereaz\u0103 resorb\u021bia hematoamelor. \u00cen timpul aplic\u0103rii produce<\/p>\n","protected":false},"featured_media":16681,"comment_status":"closed","ping_status":"closed","template":"","meta":[],"product_brand":[],"product_cat":[2630],"product_tag":[],"class_list":{"0":"post-16679","1":"product","2":"type-product","3":"status-publish","4":"has-post-thumbnail","6":"product_cat-ingrijirea-pielii","8":"first","9":"outofstock","10":"purchasable","11":"product-type-simple"},"jetpack_sharing_enabled":true,"_links":{"self":[{"href":"https:\/\/phoenixplant.ro\/index.php\/wp-json\/wp\/v2\/product\/16679","targetHints":{"allow":["GET"]}}],"collection":[{"href":"https:\/\/phoenixplant.ro\/index.php\/wp-json\/wp\/v2\/product"}],"about":[{"href":"https:\/\/phoenixplant.ro\/index.php\/wp-json\/wp\/v2\/types\/product"}],"replies":[{"embeddable":true,"href":"https:\/\/phoenixplant.ro\/index.php\/wp-json\/wp\/v2\/comments?post=16679"}],"version-history":[{"count":2,"href":"https:\/\/phoenixplant.ro\/index.php\/wp-json\/wp\/v2\/product\/16679\/revisions"}],"predecessor-version":[{"id":17490,"href":"https:\/\/phoenixplant.ro\/index.php\/wp-json\/wp\/v2\/product\/16679\/revisions\/17490"}],"wp:featuredmedia":[{"embeddable":true,"href":"https:\/\/phoenixplant.ro\/index.php\/wp-json\/wp\/v2\/media\/16681"}],"wp:attachment":[{"href":"https:\/\/phoenixplant.ro\/index.php\/wp-json\/wp\/v2\/media?parent=16679"}],"wp:term":[{"taxonomy":"product_brand","embeddable":true,"href":"https:\/\/phoenixplant.ro\/index.php\/wp-json\/wp\/v2\/product_brand?post=16679"},{"taxonomy":"product_cat","embeddable":true,"href":"https:\/\/phoenixplant.ro\/index.php\/wp-json\/wp\/v2\/product_cat?post=16679"},{"taxonomy":"product_tag","embeddable":true,"href":"https:\/\/phoenixplant.ro\/index.php\/wp-json\/wp\/v2\/product_tag?post=16679"}],"curies":[{"name":"wp","href":"https:\/\/api.w.org\/{rel}","templated":true}]}}