{"id":16677,"date":"2025-04-25T06:03:43","date_gmt":"2025-04-25T06:03:43","guid":{"rendered":"https:\/\/phoenixplant.ro\/index.php\/produs\/crema-cu-uree-30-x-50-ml\/"},"modified":"2026-05-14T08:23:17","modified_gmt":"2026-05-14T08:23:17","slug":"crema-cu-uree-30-x-50-ml","status":"publish","type":"product","link":"https:\/\/phoenixplant.ro\/index.php\/produs\/crema-cu-uree-30-x-50-ml\/","title":{"rendered":"T Crema cu uree 30% 50ml"},"content":{"rendered":"<p>Crem\u0103 pentru \u00eengrijirea zonelor puternic afectate de deshidratare \u0219i descuamare (piele uscat\u0103 \u0219i acoperit\u0103 de scuame). Crema cu uree 30% fixeaz\u0103 apa la nivelul stratului cornos, deta\u0219eaz\u0103 scuamele<\/p>\n<p>(keratolitic\u0103), calmeaz\u0103 pruritul care \u00eenso\u021be\u0219te usc\u0103ciunea pielii \u0219i red\u0103 elasticitatea pielii. Se utilizeaz\u0103 pentru \u00eengrijirea intensiv\u0103 a pielii uscate, cr\u0103pate \u015fi iritate, unghii \u00eencarnate, devitalizate \u015fi deteriorate.<\/p>\n<p>C\u00e2nd pielea \u00ee\u0219i recap\u0103t\u0103 aspectul normal, pentru \u00eentre\u021binere se recomand\u0103 utilizarea Cremei cu uree 15%.<\/p>\n<p>Mod de utilizare: aplica\u021bii locale de 3-4 ori\/zi, \u00een strat gros; se aplic\u0103 numai pe zone cur\u0103\u021bate \u00een prealabil. Se aplic\u0103 numai pe pielea intact\u0103.<\/p>\n<p>Nu se aplic\u0103 pe mucoase.<\/p>\n<p>Contraindicat persoanelor cu hipersensibilitate la una dintre componentele produsului.<\/p>\n<p>A se evita contactul cu ochii.<\/p>\n<p>A nu se utiliza la copii cu v\u00e2rsta sub 3 ani.<\/p>\n<p>A nu se l\u0103sa la \u00eendem\u00e2na copiilor.<\/p>\n<p>A se p\u0103stra la temperaturi de maxim 25\u00b0C, \u00een ambalaj original.<\/p>\n<p>A se folosi preferabil \u00eenainte de: vezi ambalaj.<\/p>\n<p>Prezentare: tub 50 ml<\/p>\n<p>Ingrediente:\u00a0Urea, petrolatum, aqua, paraffinum liquidum, lanolin, glycerin, glyceryl stearate, Triticum vulgare germ extract (germeni de gr\u00e2u), cetyl alcohol, Quercus robur bark extract (stejar), lactic acid, salicylic acid.<\/p>\n","protected":false},"excerpt":{"rendered":"<p>Crem\u0103 pentru \u00eengrijirea zonelor puternic afectate de deshidratare \u0219i descuamare (piele uscat\u0103 \u0219i acoperit\u0103 de scuame). Crema cu uree 30%<\/p>\n","protected":false},"featured_media":0,"comment_status":"closed","ping_status":"closed","template":"","meta":[],"product_brand":[],"product_cat":[2630],"product_tag":[],"class_list":{"0":"post-16677","1":"product","2":"type-product","3":"status-publish","5":"product_cat-ingrijirea-pielii","7":"first","8":"instock","9":"sale","10":"purchasable","11":"product-type-simple"},"jetpack_sharing_enabled":true,"_links":{"self":[{"href":"https:\/\/phoenixplant.ro\/index.php\/wp-json\/wp\/v2\/product\/16677","targetHints":{"allow":["GET"]}}],"collection":[{"href":"https:\/\/phoenixplant.ro\/index.php\/wp-json\/wp\/v2\/product"}],"about":[{"href":"https:\/\/phoenixplant.ro\/index.php\/wp-json\/wp\/v2\/types\/product"}],"replies":[{"embeddable":true,"href":"https:\/\/phoenixplant.ro\/index.php\/wp-json\/wp\/v2\/comments?post=16677"}],"version-history":[{"count":4,"href":"https:\/\/phoenixplant.ro\/index.php\/wp-json\/wp\/v2\/product\/16677\/revisions"}],"predecessor-version":[{"id":17760,"href":"https:\/\/phoenixplant.ro\/index.php\/wp-json\/wp\/v2\/product\/16677\/revisions\/17760"}],"wp:attachment":[{"href":"https:\/\/phoenixplant.ro\/index.php\/wp-json\/wp\/v2\/media?parent=16677"}],"wp:term":[{"taxonomy":"product_brand","embeddable":true,"href":"https:\/\/phoenixplant.ro\/index.php\/wp-json\/wp\/v2\/product_brand?post=16677"},{"taxonomy":"product_cat","embeddable":true,"href":"https:\/\/phoenixplant.ro\/index.php\/wp-json\/wp\/v2\/product_cat?post=16677"},{"taxonomy":"product_tag","embeddable":true,"href":"https:\/\/phoenixplant.ro\/index.php\/wp-json\/wp\/v2\/product_tag?post=16677"}],"curies":[{"name":"wp","href":"https:\/\/api.w.org\/{rel}","templated":true}]}}