{"id":11841,"date":"2025-03-31T08:40:12","date_gmt":"2025-03-31T08:40:12","guid":{"rendered":"https:\/\/phoenixplant.ro\/index.php\/produs\/frasin-extract-din-muguri-de-frasin-fraxinus-ex-mgd1\/"},"modified":"2025-03-31T08:40:12","modified_gmt":"2025-03-31T08:40:12","slug":"frasin-extract-din-muguri-de-frasin-fraxinus-ex-mgd1","status":"publish","type":"product","link":"https:\/\/phoenixplant.ro\/index.php\/produs\/frasin-extract-din-muguri-de-frasin-fraxinus-ex-mgd1\/","title":{"rendered":"FRASIN &#8211; Extract din muguri de Frasin &#8211; Fraxinus ex MG=D1"},"content":{"rendered":"<p><strong>Niveluri de ac\u0163iune:<\/strong> c\u0103i urinare, c\u0103i biliare, aparat osteoarticular, ochi, uter.<\/p>\n<p>Extractul gemoterapic este ob\u0163inut din muguri proaspe\u0163i de *Frasin (Fraxinus excelsior), prelucra\u0163i conform re\u0163etei farmaceutice de macerat glicerinic.<br \/>Con\u0163ine alcool etilic de cereale 18% vol. Valoare energetic\u0103:1,78 kcal\/g.<br \/><em>* Plant\u0103 recoltat\u0103 ecologic. Certificare ecologic\u0103 EcoInspect Ro-008.<\/em><\/p>\n<p><strong>Recomand\u0103ri principale:<\/strong><br \/><strong>C\u0103i urinare:<\/strong> detoxifiant la nivel renal.<br \/><strong>Deregl\u0103ri metabolice:<\/strong> ajut\u0103 la eliminarea acidului uric \u015fi a ureei; ajut\u0103 la men\u0163inerea colesterolului \u00een limite normale. <br \/>Se recomand\u0103 \u015fi la supraponderalii cu reten\u0163ie hidric\u0103 \u015fi hipercolesterolemie.<\/p>\n<p>Propuneri de asocieri cu alte produse gemoterapice:<\/p>\n<ul>\n<li>\u00een hiperuricemie, cu Extract din sev\u0103 de Mesteac\u0103n &#8211; Betula linfa MG=D1;<\/li>\n<li>la supraponderalii cu reten\u0163ie hidric\u0103 \u015fi hipercolesterolemie, cu Extract din amen\u0163i de Mesteac\u0103n &#8211; Betula pubescens amenti MG=D1\u015fi Extract din ml\u0103di\u0163e de Rozmarin- Rosmarinus off. MG=D1.<\/li>\n<\/ul>\n<p class=\"info\"><strong>Obs:<\/strong> propunerile de asocieri de gemoterapice sunt orientative \u015fi nu exclud \u015fi alte posibilit\u0103\u0163i de asociere de produse, adaptate la necesit\u0103\u0163ile specifice fiec\u0103rei persoane.<\/p>\n<p><strong>Modul de administrare:<\/strong> <br \/>Adul\u0163i \u015fi copii peste 7 ani: \u00een general, c\u00e2te 2 ml, \u00een pu\u0163in\u0103 ap\u0103, de 1-2 ori pe zi, \u00eenainte de mese.<br \/>1 ml=aprox. 25 de pic\u0103turi<br \/>\u00cen cazul asocierii cu alte extracte gemoterapice, se va administra o dat\u0103 pe zi.<br \/>Durata administr\u0103rii poate varia \u00eentre 1-3 luni de zile. Se poate repeta administrarea dup\u0103 1 sau 2 luni de pauz\u0103.<\/p>\n<p>Nu se cunosc reac\u0163ii adverse sau contraindica\u0163ii.<\/p>\n","protected":false},"excerpt":{"rendered":"<p>Niveluri de ac\u0163iune: c\u0103i urinare, c\u0103i biliare, aparat osteoarticular, ochi, uter. Extractul gemoterapic este ob\u0163inut din muguri proaspe\u0163i de *Frasin<\/p>\n","protected":false},"featured_media":12063,"comment_status":"closed","ping_status":"open","template":"","meta":[],"product_brand":[],"product_cat":[2644],"product_tag":[],"class_list":{"0":"post-11841","1":"product","2":"type-product","3":"status-publish","4":"has-post-thumbnail","6":"product_cat-extracte","8":"first","9":"instock","10":"product-type-simple"},"jetpack_sharing_enabled":true,"_links":{"self":[{"href":"https:\/\/phoenixplant.ro\/index.php\/wp-json\/wp\/v2\/product\/11841","targetHints":{"allow":["GET"]}}],"collection":[{"href":"https:\/\/phoenixplant.ro\/index.php\/wp-json\/wp\/v2\/product"}],"about":[{"href":"https:\/\/phoenixplant.ro\/index.php\/wp-json\/wp\/v2\/types\/product"}],"replies":[{"embeddable":true,"href":"https:\/\/phoenixplant.ro\/index.php\/wp-json\/wp\/v2\/comments?post=11841"}],"version-history":[{"count":1,"href":"https:\/\/phoenixplant.ro\/index.php\/wp-json\/wp\/v2\/product\/11841\/revisions"}],"predecessor-version":[{"id":11842,"href":"https:\/\/phoenixplant.ro\/index.php\/wp-json\/wp\/v2\/product\/11841\/revisions\/11842"}],"wp:featuredmedia":[{"embeddable":true,"href":"https:\/\/phoenixplant.ro\/index.php\/wp-json\/wp\/v2\/media\/12063"}],"wp:attachment":[{"href":"https:\/\/phoenixplant.ro\/index.php\/wp-json\/wp\/v2\/media?parent=11841"}],"wp:term":[{"taxonomy":"product_brand","embeddable":true,"href":"https:\/\/phoenixplant.ro\/index.php\/wp-json\/wp\/v2\/product_brand?post=11841"},{"taxonomy":"product_cat","embeddable":true,"href":"https:\/\/phoenixplant.ro\/index.php\/wp-json\/wp\/v2\/product_cat?post=11841"},{"taxonomy":"product_tag","embeddable":true,"href":"https:\/\/phoenixplant.ro\/index.php\/wp-json\/wp\/v2\/product_tag?post=11841"}],"curies":[{"name":"wp","href":"https:\/\/api.w.org\/{rel}","templated":true}]}}