{"id":11833,"date":"2025-03-31T08:39:48","date_gmt":"2025-03-31T08:39:48","guid":{"rendered":"https:\/\/phoenixplant.ro\/index.php\/produs\/catina-alba-extract-din-muguri-de-catina-alba-hippophae-rhamnoides-mgd1\/"},"modified":"2025-06-15T09:48:01","modified_gmt":"2025-06-15T09:48:01","slug":"catina-alba-extract-din-muguri-de-catina-alba-hippophae-rhamnoides-mgd1","status":"publish","type":"product","link":"https:\/\/phoenixplant.ro\/index.php\/produs\/catina-alba-extract-din-muguri-de-catina-alba-hippophae-rhamnoides-mgd1\/","title":{"rendered":"C\u0102TIN\u0102 ALB\u0102 &#8211; Extract din muguri de C\u0103tin\u0103 alb\u0103 &#8211; Hippophae rhamnoides MG=D1"},"content":{"rendered":"<p><strong>Niveluri de ac\u0163iune:<\/strong> sistem imunitar, sistem nervos.<\/p>\n<p>Extractul gemoterapic este ob\u0163inut din muguri proaspe\u0163i de *C\u0103tin\u0103 alb\u0103 (Hippophae rhamnoides), prelucra\u0163i conform re\u0163etei farmaceutice de macerat glicerinic.<br \/>Con\u0163ine alcool etilic de cereale 18% vol.<br \/><em>* Plant\u0103 recoltat\u0103 ecologic. Certificare ecologic\u0103 EcoInspect Ro-008.<\/em><\/p>\n<p><strong>Recomand\u0103ri principale:<\/strong><br \/><strong>Sistem imunitar:<\/strong> cre\u015fte rezisten\u0163a organismului, scade durata convalescen\u0163ei, stimuleaz\u0103 pofta de m\u00e2ncare.<br \/>Ajut\u0103 la ameliorarea simptomelor din infec\u0163ii ale tractului respirator.<br \/>Alte beneficii: tonic al sistemului nervos, revigorant dup\u0103 st\u0103ri de suprasolicitare fizic\u0103 \u015fi psihic\u0103.<\/p>\n<h4>Propuneri de asocieri cu alte produse gemoterapice:<\/h4>\n<ul>\n<li>\u00een anemie, la copii, cu Extract din muguri de C\u0103tin\u0103 ro\u015fie &#8211; Tamarix gallica MG=D1 \u015fi Extract din muguri de Brad &#8211; Abies pectinata MG=D1;<\/li>\n<li>\u00een anemie, la adul\u0163i, cu Extract din muguri de C\u0103tin\u0103 ro\u015fie &#8211; Tamarix gallica MG=D1 \u015fi Extract din muguri de Alun &#8211; Corylus avellana MG=D1;<\/li>\n<li>pentru stimularea poftei de m\u00e2ncare, cu Extract din muguri de Porumbar &#8211; Prunus spinosa MG=D1;<\/li>\n<li>ca revigorant dup\u0103 st\u0103ri de suprasolicitare fizic\u0103 \u015fi psihic\u0103, cu Extract din muguri de Porumbar &#8211; Prunus spinosa MG=D1\u015fi Extract din muguri de Stejar &#8211; Quercus pedunculata MG=D1;<\/li>\n<li>ca tonic al sistemului nervos, cu Extract din semin\u0163e de Mesteac\u0103n &#8211; Betula verrucosa semi MG=D1\u015fi\/ sau Extract din muguri de M\u0103r &#8211; Malus sylvestris MG=D1;<\/li>\n<li>pentru ameliorarea simptomelor din infec\u0163ii ale tractului respirator, cu Extract din ml\u0103di\u0163e de M\u0103ce\u015f &#8211; Rosa canina MG=D1 \u015fi Extract din muguri de Arin negru &#8211; Alnus glutinosa MG=D1.<\/li>\n<\/ul>\n<p class=\"info\"><strong>Obs:<\/strong> propunerile de asocieri de gemoterapice sunt orientative \u015fi nu exclud \u015fi alte posibilit\u0103\u0163i de asociere de produse, adaptate la necesit\u0103\u0163ile specifice fiec\u0103rei persoane.<\/p>\n<p><strong>Modul de administrare:<\/strong> <br \/>Adul\u0163i \u015fi copii peste 7 ani: \u00een general, c\u00e2te 2 ml, \u00een pu\u0163in\u0103 ap\u0103, de 2 ori pe zi, \u00eenainte de mese.<br \/>La copii \u00eentre 2 \u015fi 7 ani: \u00een general, 1 ml, \u00een pu\u0163in\u0103 ap\u0103, de 2 ori pe zi, \u00eenainte de mese.<br \/>1 ml=aprox. 25 de pic\u0103turi<br \/>\u00cen cazul asocierii cu alte extracte gemoterapice, se va administra o dat\u0103 pe zi.<br \/>Durata administr\u0103rii poate varia \u00eentre 1-3 luni de zile. Se poate repeta administrarea dup\u0103 1 sau 2 luni de pauz\u0103.<\/p>\n","protected":false},"excerpt":{"rendered":"<p>Niveluri de ac\u0163iune: sistem imunitar, sistem nervos. Extractul gemoterapic este ob\u0163inut din muguri proaspe\u0163i de *C\u0103tin\u0103 alb\u0103 (Hippophae rhamnoides), prelucra\u0163i<\/p>\n","protected":false},"featured_media":12059,"comment_status":"closed","ping_status":"closed","template":"","meta":[],"product_brand":[],"product_cat":[2644],"product_tag":[],"class_list":{"0":"post-11833","1":"product","2":"type-product","3":"status-publish","4":"has-post-thumbnail","6":"product_cat-extracte","8":"first","9":"instock","10":"purchasable","11":"product-type-simple"},"jetpack_sharing_enabled":true,"_links":{"self":[{"href":"https:\/\/phoenixplant.ro\/index.php\/wp-json\/wp\/v2\/product\/11833","targetHints":{"allow":["GET"]}}],"collection":[{"href":"https:\/\/phoenixplant.ro\/index.php\/wp-json\/wp\/v2\/product"}],"about":[{"href":"https:\/\/phoenixplant.ro\/index.php\/wp-json\/wp\/v2\/types\/product"}],"replies":[{"embeddable":true,"href":"https:\/\/phoenixplant.ro\/index.php\/wp-json\/wp\/v2\/comments?post=11833"}],"version-history":[{"count":1,"href":"https:\/\/phoenixplant.ro\/index.php\/wp-json\/wp\/v2\/product\/11833\/revisions"}],"predecessor-version":[{"id":11834,"href":"https:\/\/phoenixplant.ro\/index.php\/wp-json\/wp\/v2\/product\/11833\/revisions\/11834"}],"wp:featuredmedia":[{"embeddable":true,"href":"https:\/\/phoenixplant.ro\/index.php\/wp-json\/wp\/v2\/media\/12059"}],"wp:attachment":[{"href":"https:\/\/phoenixplant.ro\/index.php\/wp-json\/wp\/v2\/media?parent=11833"}],"wp:term":[{"taxonomy":"product_brand","embeddable":true,"href":"https:\/\/phoenixplant.ro\/index.php\/wp-json\/wp\/v2\/product_brand?post=11833"},{"taxonomy":"product_cat","embeddable":true,"href":"https:\/\/phoenixplant.ro\/index.php\/wp-json\/wp\/v2\/product_cat?post=11833"},{"taxonomy":"product_tag","embeddable":true,"href":"https:\/\/phoenixplant.ro\/index.php\/wp-json\/wp\/v2\/product_tag?post=11833"}],"curies":[{"name":"wp","href":"https:\/\/api.w.org\/{rel}","templated":true}]}}