{"id":11827,"date":"2025-03-31T08:39:48","date_gmt":"2025-03-31T08:39:48","guid":{"rendered":"https:\/\/phoenixplant.ro\/index.php\/produs\/carpen-extract-din-muguri-de-carpen-carpinus-betulus-mgd1\/"},"modified":"2025-06-15T09:31:03","modified_gmt":"2025-06-15T09:31:03","slug":"carpen-extract-din-muguri-de-carpen-carpinus-betulus-mgd1","status":"publish","type":"product","link":"https:\/\/phoenixplant.ro\/index.php\/produs\/carpen-extract-din-muguri-de-carpen-carpinus-betulus-mgd1\/","title":{"rendered":"CARPEN  &#8211; Extract din muguri de Carpen &#8211; Carpinus betulus MG=D1"},"content":{"rendered":"<p><strong>Niveluri de ac\u0163iune:<\/strong> aparat respirator (sinusuri, faringe, bronhii, pl\u0103m\u00e2ni), ficat, m\u0103duv\u0103 osoas\u0103.<\/p>\n<p>Extractul gemoterapic este ob\u0163inut din muguri proaspe\u0163i de *Carpen (Carpinus betulus), prelucra\u0163i conform re\u0163etei farmaceutice de macerat glicerinic. Con\u0163ine alcool etilic de cereale 18% vol. <br \/><em> * Plant\u0103 recoltat\u0103 ecologic.<\/em><br \/> Certificare ecologic\u0103 EcoInspect Ro-008.<\/p>\n<p><strong>Recomand\u0103ri principale:<\/strong><br \/><strong>Pl\u0103m\u00e2ni:<\/strong> ajut\u0103 la calmarea spasmelor din tuse \u015fi la cicatrizarea mucoasei bron\u015fice.<br \/><strong>Ficat:<\/strong> ajut\u0103 la regenerarea \u0163esutului hepatic; <br \/>Alte beneficii: stimuleaz\u0103 formarea de trombocite, cicatrizant la nivelul colonului.<\/p>\n<h4>Propuneri de asocieri cu alte produse gemoterapice:<\/h4>\n<ul>\n<li>\u00een afect\u0103ri rino- sinusale- bron\u015fice, cu Extract din muguri de Coac\u0103z negru &#8211; Ribes nigrum MG=D1 \u015fi Extract din muguri de Arin negru &#8211; Alnus glutinosa MG=D1\u015fi Extract din muguri de Mesteac\u0103n pufos &#8211; Betula pubescens MG=D1;<\/li>\n<li>\u00een afect\u0103ri pulmonare, cu Extract din muguri de C\u0103lin &#8211; Viburnum lantana MG=D1 \u015fi Extract din muguri de Alun &#8211; Corylus avellana MG=D1;<\/li>\n<li>\u00een tuse neproductiv\u0103, cu Extract din muguri de Cais &#8211; Prunus armeniaca MG=D1 \u015fi\/sau cu Extract din ml\u0103di\u0163e de Caprifoi negru &#8211; Lonicera nigra MG=D1;<\/li>\n<li>\u00een tuse productiv\u0103, cu Extract din muguri de Plop &#8211; Populus nigra MG=D1(cu efect antiseptic la nivelul c\u0103ilor respiratorii, fluidifiant al secre\u0163iilor bron\u015fice \u015fi sedativ al tusei);<\/li>\n<li>\u00een caz de sc\u0103dere a num\u0103rului de trombocite, cu Extract din ml\u0103di\u0163e de C\u0103tin\u0103 ro\u015fie &#8211; Tamarix gallica MG=D1;<\/li>\n<li>\u00een afect\u0103ri hepatice cu sc\u0103derea num\u0103rului de trombocite, cu Extract din ml\u0103di\u0163e de Ienup\u0103r &#8211; Juniperus communis MG=D1;<\/li>\n<li>\u00een cazul s\u00e2nger\u0103rilor nazale (epistaxis), cu Extract din ml\u0103di\u0163e de Tuia &#8211; Thuya orientalis MG=D1.<\/li>\n<\/ul>\n<p class=\"info\"><strong>Obs:<\/strong> propunerile de asocieri de gemoterapice sunt orientative \u015fi nu exclud \u015fi alte posibilit\u0103\u0163i de asociere de produse, adaptate la necesit\u0103\u0163ile specifice fiec\u0103rei persoane.<\/p>\n<p><strong>Modul de administrare:<\/strong> <br \/>Adul\u0163i \u015fi copii peste 7 ani: \u00een general, c\u00e2te 1 ml, \u00een pu\u0163in\u0103 ap\u0103, de 2-3 ori pe zi, \u00eenainte de mese. <br \/>La copii \u00eentre 2 \u015fi 7 ani: \u00een general, c\u00e2te 15 pic\u0103turi, \u00een pu\u0163in\u0103 ap\u0103, de 2-3 ori pe zi, \u00eenainte de mese.<br \/>1 ml=aprox. 25 de pic\u0103turi<br \/>\u00cen cazul asocierii cu alte extracte gemoterapice, se va administra o dat\u0103 pe zi.<br \/>Durata administr\u0103rii poate varia \u00eentre 2 s\u0103pt\u0103m\u00e2ni \u015fi 1-3 luni de zile. Se poate repeta administrarea dup\u0103 1 sau 2 luni de pauz\u0103.<\/p>\n","protected":false},"excerpt":{"rendered":"<p>Niveluri de ac\u0163iune: aparat respirator (sinusuri, faringe, bronhii, pl\u0103m\u00e2ni), ficat, m\u0103duv\u0103 osoas\u0103. Extractul gemoterapic este ob\u0163inut din muguri proaspe\u0163i de<\/p>\n","protected":false},"featured_media":12056,"comment_status":"closed","ping_status":"closed","template":"","meta":[],"product_brand":[],"product_cat":[2644],"product_tag":[],"class_list":{"0":"post-11827","1":"product","2":"type-product","3":"status-publish","4":"has-post-thumbnail","6":"product_cat-extracte","8":"first","9":"instock","10":"purchasable","11":"product-type-simple"},"jetpack_sharing_enabled":true,"_links":{"self":[{"href":"https:\/\/phoenixplant.ro\/index.php\/wp-json\/wp\/v2\/product\/11827","targetHints":{"allow":["GET"]}}],"collection":[{"href":"https:\/\/phoenixplant.ro\/index.php\/wp-json\/wp\/v2\/product"}],"about":[{"href":"https:\/\/phoenixplant.ro\/index.php\/wp-json\/wp\/v2\/types\/product"}],"replies":[{"embeddable":true,"href":"https:\/\/phoenixplant.ro\/index.php\/wp-json\/wp\/v2\/comments?post=11827"}],"version-history":[{"count":1,"href":"https:\/\/phoenixplant.ro\/index.php\/wp-json\/wp\/v2\/product\/11827\/revisions"}],"predecessor-version":[{"id":11828,"href":"https:\/\/phoenixplant.ro\/index.php\/wp-json\/wp\/v2\/product\/11827\/revisions\/11828"}],"wp:featuredmedia":[{"embeddable":true,"href":"https:\/\/phoenixplant.ro\/index.php\/wp-json\/wp\/v2\/media\/12056"}],"wp:attachment":[{"href":"https:\/\/phoenixplant.ro\/index.php\/wp-json\/wp\/v2\/media?parent=11827"}],"wp:term":[{"taxonomy":"product_brand","embeddable":true,"href":"https:\/\/phoenixplant.ro\/index.php\/wp-json\/wp\/v2\/product_brand?post=11827"},{"taxonomy":"product_cat","embeddable":true,"href":"https:\/\/phoenixplant.ro\/index.php\/wp-json\/wp\/v2\/product_cat?post=11827"},{"taxonomy":"product_tag","embeddable":true,"href":"https:\/\/phoenixplant.ro\/index.php\/wp-json\/wp\/v2\/product_tag?post=11827"}],"curies":[{"name":"wp","href":"https:\/\/api.w.org\/{rel}","templated":true}]}}