{"id":11817,"date":"2025-03-31T08:39:48","date_gmt":"2025-03-31T08:39:48","guid":{"rendered":"https:\/\/phoenixplant.ro\/index.php\/produs\/arin-alb-extract-din-muguri-de-arin-alb-alnus-incana-mgd1\/"},"modified":"2026-05-17T14:11:39","modified_gmt":"2026-05-17T14:11:39","slug":"arin-alb-extract-din-muguri-de-arin-alb-alnus-incana-mgd1","status":"publish","type":"product","link":"https:\/\/phoenixplant.ro\/index.php\/produs\/arin-alb-extract-din-muguri-de-arin-alb-alnus-incana-mgd1\/","title":{"rendered":"P Extract din muguri de arin alb 50 ml"},"content":{"rendered":"<p><strong>Niveluri de ac\u0163iune:<\/strong> aparat genital feminin (uter) \u015fi glande mamare, aparat osteoarticular.<\/p>\n<p>Extractul gemoterapic este ob\u0163inut din muguri proaspe\u0163i de *Arin alb (Alnus incana), prelucra\u0163i conform re\u0163etei farmaceutice de macerat glicerinic.<br \/>Con\u0163ine alcool etilic de cereale 33% vol.<br \/><em>* Plant\u0103 recoltat\u0103 ecologic. Certificare ecologic\u0103 EcoInspect Ro-008.<\/em><\/p>\n<p><strong>Recomand\u0103ri principale:<\/strong><br \/>Aparat genital feminin: ajut\u0103 la ameliorarea elasticit\u0103\u0163ii uterului;<br \/>Efect particular: opre\u015fte secre\u0163ia lactat\u0103 (galactofug).<\/p>\n<h4>Propuneri de asocieri cu alte produse gemoterapice:<\/h4>\n<ul>\n<li>\u00een afect\u0103ri ale elasticit\u0103\u0163ii uterului, cu Extract din ml\u0103di\u0163e de Mur- Rubus fruticosus MG=D1, Extract din ml\u0103di\u0163e de Sequoia- Sequoia gigantea MG=D1 \u015fi Extract din ml\u0103di\u0163e de Zmeur &#8211; Rubus idaeus MG=D1.<\/li>\n<\/ul>\n<p class=\"info\"><strong>Obs:<\/strong><br \/>propunerile de asocieri de gemoterapice sunt orientative \u015fi nu exclud \u015fi alte posibilit\u0103\u0163i de asociere de produse, adaptate la necesit\u0103\u0163ile specifice fiec\u0103rei persoane.<\/p>\n<p><strong>Modul de administrare:<\/strong> <br \/>Adul\u0163i: \u00een general, c\u00e2te 2 ml, \u00een pu\u0163in\u0103 ap\u0103, de 2 ori pe zi, \u00eenainte de mese. <br \/>1 ml=aprox. 25 de pic\u0103turi<br \/>\u00cen cazul asocierii cu alte extracte gemoterapice, se va administra o dat\u0103 pe zi.<br \/>Durata administr\u0103rii poate varia \u00eentre 1-3 luni de zile. Se poate repeta administrarea dup\u0103 1 sau 2 luni de pauz\u0103.<\/p>\n<p class=\"warning\"><strong>Aten\u0163ion\u0103ri:<\/strong><br \/>Contraindicat femeilor \u00eens\u0103rcinate \u015fi celor care al\u0103pteaz\u0103.<\/p>\n","protected":false},"excerpt":{"rendered":"<p>Niveluri de ac\u0163iune: aparat genital feminin (uter) \u015fi glande mamare, aparat osteoarticular. Extractul gemoterapic este ob\u0163inut din muguri proaspe\u0163i de<\/p>\n","protected":false},"featured_media":12051,"comment_status":"closed","ping_status":"closed","template":"","meta":[],"product_brand":[],"product_cat":[2644],"product_tag":[],"class_list":{"0":"post-11817","1":"product","2":"type-product","3":"status-publish","4":"has-post-thumbnail","6":"product_cat-extracte","8":"first","9":"instock","10":"purchasable","11":"product-type-simple"},"jetpack_sharing_enabled":true,"_links":{"self":[{"href":"https:\/\/phoenixplant.ro\/index.php\/wp-json\/wp\/v2\/product\/11817","targetHints":{"allow":["GET"]}}],"collection":[{"href":"https:\/\/phoenixplant.ro\/index.php\/wp-json\/wp\/v2\/product"}],"about":[{"href":"https:\/\/phoenixplant.ro\/index.php\/wp-json\/wp\/v2\/types\/product"}],"replies":[{"embeddable":true,"href":"https:\/\/phoenixplant.ro\/index.php\/wp-json\/wp\/v2\/comments?post=11817"}],"version-history":[{"count":2,"href":"https:\/\/phoenixplant.ro\/index.php\/wp-json\/wp\/v2\/product\/11817\/revisions"}],"predecessor-version":[{"id":17839,"href":"https:\/\/phoenixplant.ro\/index.php\/wp-json\/wp\/v2\/product\/11817\/revisions\/17839"}],"wp:featuredmedia":[{"embeddable":true,"href":"https:\/\/phoenixplant.ro\/index.php\/wp-json\/wp\/v2\/media\/12051"}],"wp:attachment":[{"href":"https:\/\/phoenixplant.ro\/index.php\/wp-json\/wp\/v2\/media?parent=11817"}],"wp:term":[{"taxonomy":"product_brand","embeddable":true,"href":"https:\/\/phoenixplant.ro\/index.php\/wp-json\/wp\/v2\/product_brand?post=11817"},{"taxonomy":"product_cat","embeddable":true,"href":"https:\/\/phoenixplant.ro\/index.php\/wp-json\/wp\/v2\/product_cat?post=11817"},{"taxonomy":"product_tag","embeddable":true,"href":"https:\/\/phoenixplant.ro\/index.php\/wp-json\/wp\/v2\/product_tag?post=11817"}],"curies":[{"name":"wp","href":"https:\/\/api.w.org\/{rel}","templated":true}]}}