{"id":11757,"date":"2025-03-31T08:38:58","date_gmt":"2025-03-31T08:38:58","guid":{"rendered":"https:\/\/phoenixplant.ro\/index.php\/produs\/nasirus-sinus-hot-drink\/"},"modified":"2025-03-31T08:39:00","modified_gmt":"2025-03-31T08:39:00","slug":"nasirus-sinus-hot-drink","status":"publish","type":"product","link":"https:\/\/phoenixplant.ro\/index.php\/produs\/nasirus-sinus-hot-drink\/","title":{"rendered":"Nasirus Sinus Hot Drink"},"content":{"rendered":"<p>Pulbere pentru solu\u021bie oral\u0103 x 5 g e<br \/>10 plicuri<\/p>\n<p><strong>Ingrediente<\/strong>: <strong>5+1 extracte <\/strong>din plante + <strong>Vit. C<\/strong><strong> &amp; Zn<\/strong><\/p>\n<table class=\"table table-striped\">\n<tbody>\n<tr>\n<td>&nbsp;<\/td>\n<td><strong>Ingrediente<\/strong><\/td>\n<td><strong>1 plic<\/strong><\/td>\n<td><strong>2 plicuri<\/strong><\/td>\n<td><strong>%VNR<\/strong><\/td>\n<\/tr>\n<tr>\n<td>1<\/td>\n<td>Extract din flori de Soc<\/td>\n<td>25 mg<\/td>\n<td>50 mg<\/td>\n<td>&#8211;<\/td>\n<\/tr>\n<tr>\n<td>2<\/td>\n<td>Extract de Verbin\u0103<\/td>\n<td>20 mg<\/td>\n<td>40 mg<\/td>\n<td>&#8211;<\/td>\n<\/tr>\n<tr>\n<td>3<\/td>\n<td>Extract de Ment\u0103<\/td>\n<td>10 mg<\/td>\n<td>20 mg<\/td>\n<td>&#8211;<\/td>\n<\/tr>\n<tr>\n<td>4<\/td>\n<td>Extract de Lum\u00e2n\u0103ric\u0103<\/td>\n<td>10 mg<\/td>\n<td>20 mg<\/td>\n<td>&#8211;<\/td>\n<\/tr>\n<tr>\n<td><span style=\"color: #00cc00;\"><strong>5<\/strong><\/span><\/td>\n<td>Extract de Cimbru de c\u00e2mp<\/td>\n<td>&nbsp;10 mg<\/td>\n<td>20 mg<\/td>\n<td>&nbsp;&#8211;<\/td>\n<\/tr>\n<tr>\n<td><span style=\"color: #00cc00;\"><strong>+1<\/strong><\/span><\/td>\n<td><strong><span style=\"color: #00cc00;\">Extract de Andrographis<\/span><\/strong><\/td>\n<td>10 mg<\/td>\n<td>20 mg<\/td>\n<td>&nbsp;&#8211;<\/td>\n<\/tr>\n<tr>\n<td>++<\/td>\n<td><strong>Vitamina C<\/strong><\/td>\n<td>44 mg<\/td>\n<td>88 mg<\/td>\n<td>110%<\/td>\n<\/tr>\n<tr>\n<td>++<\/td>\n<td><strong>Zinc<\/strong><\/td>\n<td>2,5 mg<\/td>\n<td>5 mg<\/td>\n<td>50%<\/td>\n<\/tr>\n<\/tbody>\n<\/table>\n<p><strong>Recomand\u0103ri \u0219i Men\u021biuni pentru s\u0103n\u0103tate:<\/strong><\/p>\n<p>Inflama\u021bia c\u0103ilor respiratorii poate afecta at\u00e2t mucoasa nasului, g\u00e2tului, traheei, bron\u0219ic\u0103, c\u00e2t \u0219i mucoasa sinusurilor. S\u0103n\u0103tatea mucoasei nasului \u0219i a sinusurilor este important\u0103 pentru un bun confort respirator.<\/p>\n<p>Ingredientele naturale din compozi\u021bia Nasirus Sinus Hot Drink contribuie la s\u0103n\u0103tatea mucoasei din c\u0103ile respiratorii:<\/p>\n<ul>\n<li>Extractul din flori de Soc \u0219i extractul de Ment\u0103 sus\u021bin s\u0103n\u0103tatea tractului respirator, pentru un bun confort respirator \u0219i reduc inflama\u021bia c\u0103ilor respiratorii \u00een mod natural.<\/li>\n<li>Extractele din Cimbru de c\u00e2mp, Lum\u00e2n\u0103ric\u0103 \u0219i Verbin\u0103 calmeaz\u0103 irita\u021ba \u0219i protejeaz\u0103 mucoasa din c\u0103ile respiratorii.<\/li>\n<li>Extractul de Andrographis, Vitamina C \u0219i Zinc ajut\u0103 la sus\u021binerea imunit\u0103\u021bii naturale a organismului. Contribuie la cre\u015fterea rezisten\u021bei organismului, sprijinind mecanismul natural de ap\u0103rare, \u00een special la nivelul c\u0103ilor respiratorii superioare.<\/li>\n<li>Vitamina C \u00eempreun\u0103 cu Zincul contribuie \u0219i la protejarea celulelor \u00eempotriva stresului oxidativ.<\/li>\n<\/ul>\n<p><strong>Mod de utilizare:<\/strong><\/p>\n<p>Copii peste 6 ani: 1 plic pe zi.<br \/>Adul\u021bi \u0219i copii peste 12 ani: 2 plicuri pe zi.<\/p>\n<p>Pulberea dintr-un plic Nasirus Sinus Hot Drink se dizolv\u0103\/amestec\u0103 \u00eentr-o can\u0103 de ap\u0103 cald\u0103 \u0219i se ob\u021bine o b\u0103utur\u0103 cu gust \u0219i arom\u0103 pl\u0103cute, de l\u0103m\u00e2ie \u0219i ment\u0103. Pentru o doz\u0103 complet\u0103, se consum\u0103 imediat \u00eentreaga cantitate de b\u0103utur\u0103 rezultat\u0103. Aten\u021bie la temperatura lichidului! \u00cenainte de a consuma, a\u0219tepta\u021bi s\u0103 se r\u0103ceasc\u0103 p\u00e2n\u0103 la temperatura corpului.<\/p>\n","protected":false},"excerpt":{"rendered":"<p>Pulbere pentru solu\u021bie oral\u0103 x 5 g e10 plicuri Ingrediente: 5+1 extracte din plante + Vit. C &amp; Zn &nbsp;<\/p>\n","protected":false},"featured_media":12083,"comment_status":"closed","ping_status":"open","template":"","meta":[],"product_brand":[],"product_cat":[2643],"product_tag":[],"class_list":{"0":"post-11757","1":"product","2":"type-product","3":"status-publish","4":"has-post-thumbnail","6":"product_cat-fitoterapice","8":"first","9":"instock","10":"product-type-simple"},"jetpack_sharing_enabled":true,"_links":{"self":[{"href":"https:\/\/phoenixplant.ro\/index.php\/wp-json\/wp\/v2\/product\/11757","targetHints":{"allow":["GET"]}}],"collection":[{"href":"https:\/\/phoenixplant.ro\/index.php\/wp-json\/wp\/v2\/product"}],"about":[{"href":"https:\/\/phoenixplant.ro\/index.php\/wp-json\/wp\/v2\/types\/product"}],"replies":[{"embeddable":true,"href":"https:\/\/phoenixplant.ro\/index.php\/wp-json\/wp\/v2\/comments?post=11757"}],"version-history":[{"count":1,"href":"https:\/\/phoenixplant.ro\/index.php\/wp-json\/wp\/v2\/product\/11757\/revisions"}],"predecessor-version":[{"id":11758,"href":"https:\/\/phoenixplant.ro\/index.php\/wp-json\/wp\/v2\/product\/11757\/revisions\/11758"}],"wp:featuredmedia":[{"embeddable":true,"href":"https:\/\/phoenixplant.ro\/index.php\/wp-json\/wp\/v2\/media\/12083"}],"wp:attachment":[{"href":"https:\/\/phoenixplant.ro\/index.php\/wp-json\/wp\/v2\/media?parent=11757"}],"wp:term":[{"taxonomy":"product_brand","embeddable":true,"href":"https:\/\/phoenixplant.ro\/index.php\/wp-json\/wp\/v2\/product_brand?post=11757"},{"taxonomy":"product_cat","embeddable":true,"href":"https:\/\/phoenixplant.ro\/index.php\/wp-json\/wp\/v2\/product_cat?post=11757"},{"taxonomy":"product_tag","embeddable":true,"href":"https:\/\/phoenixplant.ro\/index.php\/wp-json\/wp\/v2\/product_tag?post=11757"}],"curies":[{"name":"wp","href":"https:\/\/api.w.org\/{rel}","templated":true}]}}