{"id":11729,"date":"2025-03-31T08:38:58","date_gmt":"2025-03-31T08:38:58","guid":{"rendered":"https:\/\/phoenixplant.ro\/index.php\/produs\/nicotan-antitabac-plant\/"},"modified":"2025-03-31T08:38:58","modified_gmt":"2025-03-31T08:38:58","slug":"nicotan-antitabac-plant","status":"publish","type":"product","link":"https:\/\/phoenixplant.ro\/index.php\/produs\/nicotan-antitabac-plant\/","title":{"rendered":"Nicotan Antitabac Plant"},"content":{"rendered":"<h3>Produs natural dedicat fum\u0103torilor care vor s\u0103 renun\u0163e la fumat<\/h3>\n<p>Administrat \u00eenainte de a fuma, \u0163igara nu va mai avea aroma obi\u015fnuit\u0103, ajut\u00e2nd la dep\u0103\u015firea fazei de dependen\u0163\u0103, <br \/>cu reducerea&nbsp; progresiv\u0103 a num\u0103rului de \u0163ig\u0103ri consumate.<\/p>\n<p>\u00cembun\u0103t\u0103\u0163e\u015fte starea general\u0103, put\u00e2nd reduce efectele date de abuzul de tutun, \u00een special tusea \u015fi opresiunea toracic\u0103.<\/p>\n<p>Complex de extracte vegetale de Plantago major, Caladium seguinum \u015fi Phytolacca decandra.<br \/>Con\u0163ine alcool etilic de cereale 40 % vol<\/p>\n<p>Se administreaz\u0103 la nevoie (\u00eenainte de a fuma) c\u00e2te 10 pic\u0103turi, diluate \u00een o linguri\u021b\u0103 cu ap\u0103, de 3-4 ori pe zi.<\/p>\n<p>Se recomand\u0103 cure de 2-3 luni de zile pentru sc\u0103derea progresiv\u0103 a num\u0103rului de \u0163ig\u0103ri consumate, cu posibilitatea de renun\u0163are complet\u0103 la fumat.<\/p>\n<p>F\u0103r\u0103 reac\u021bii adverse.<\/p>\n<p>Contraindicat \u00een sarcin\u0103 \u0219i al\u0103ptare<\/p>\n<p>V\u0103 amintim care sunt beneficiile renun\u0163\u0103rii la fumat:<\/p>\n<ul>\n<li>scade riscul apari\u0163iei bolilor cardio-vasculare<\/li>\n<li>cre\u015fte rezisten\u0163a la efort<\/li>\n<li>tegumentele \u00ee\u015fi recap\u0103t\u0103 elasticitatea \u015fi suple\u0163ea<\/li>\n<li>dispar colora\u0163iile nicotinice de la nivelul smal\u0163ului din\u0163ilor<\/li>\n<li>se \u00eembun\u0103t\u0103\u0163e\u015fte sim\u0163ul olfactiv \u015fi gustativ<\/li>\n<li>cresc \u015fansele pentru o via\u0163\u0103 lung\u0103 \u015fi s\u0103n\u0103toas\u0103<\/li>\n<li>protejarea anturajului de riscurile fumatului pasiv<\/li>\n<li>protejarea mediului \u00eenconjur\u0103tor<\/li>\n<\/ul>\n","protected":false},"excerpt":{"rendered":"<p>Produs natural dedicat fum\u0103torilor care vor s\u0103 renun\u0163e la fumat Administrat \u00eenainte de a fuma, \u0163igara nu va mai avea<\/p>\n","protected":false},"featured_media":12086,"comment_status":"closed","ping_status":"open","template":"","meta":[],"product_brand":[],"product_cat":[2643],"product_tag":[],"class_list":{"0":"post-11729","1":"product","2":"type-product","3":"status-publish","4":"has-post-thumbnail","6":"product_cat-fitoterapice","8":"first","9":"instock","10":"product-type-simple"},"jetpack_sharing_enabled":true,"_links":{"self":[{"href":"https:\/\/phoenixplant.ro\/index.php\/wp-json\/wp\/v2\/product\/11729","targetHints":{"allow":["GET"]}}],"collection":[{"href":"https:\/\/phoenixplant.ro\/index.php\/wp-json\/wp\/v2\/product"}],"about":[{"href":"https:\/\/phoenixplant.ro\/index.php\/wp-json\/wp\/v2\/types\/product"}],"replies":[{"embeddable":true,"href":"https:\/\/phoenixplant.ro\/index.php\/wp-json\/wp\/v2\/comments?post=11729"}],"version-history":[{"count":1,"href":"https:\/\/phoenixplant.ro\/index.php\/wp-json\/wp\/v2\/product\/11729\/revisions"}],"predecessor-version":[{"id":11730,"href":"https:\/\/phoenixplant.ro\/index.php\/wp-json\/wp\/v2\/product\/11729\/revisions\/11730"}],"wp:featuredmedia":[{"embeddable":true,"href":"https:\/\/phoenixplant.ro\/index.php\/wp-json\/wp\/v2\/media\/12086"}],"wp:attachment":[{"href":"https:\/\/phoenixplant.ro\/index.php\/wp-json\/wp\/v2\/media?parent=11729"}],"wp:term":[{"taxonomy":"product_brand","embeddable":true,"href":"https:\/\/phoenixplant.ro\/index.php\/wp-json\/wp\/v2\/product_brand?post=11729"},{"taxonomy":"product_cat","embeddable":true,"href":"https:\/\/phoenixplant.ro\/index.php\/wp-json\/wp\/v2\/product_cat?post=11729"},{"taxonomy":"product_tag","embeddable":true,"href":"https:\/\/phoenixplant.ro\/index.php\/wp-json\/wp\/v2\/product_tag?post=11729"}],"curies":[{"name":"wp","href":"https:\/\/api.w.org\/{rel}","templated":true}]}}