{"id":11719,"date":"2025-03-31T08:38:33","date_gmt":"2025-03-31T08:38:33","guid":{"rendered":"https:\/\/phoenixplant.ro\/index.php\/produs\/imunorezistan-junior-raceala-si-gripa\/"},"modified":"2025-03-31T08:38:36","modified_gmt":"2025-03-31T08:38:36","slug":"imunorezistan-junior-raceala-si-gripa","status":"publish","type":"product","link":"https:\/\/phoenixplant.ro\/index.php\/produs\/imunorezistan-junior-raceala-si-gripa\/","title":{"rendered":"Imunorezistan Junior r\u0103ceal\u0103 \u0219i grip\u0103"},"content":{"rendered":"<p><strong>Con\u021bine:<\/strong><\/p>\n<ul>\n<li>Suc stabilizat \u015fi standardizat ob\u0163inut prin presare la rece din herba \u00eenflorit\u0103 de <em>Echinacea purpurea<\/em><\/li>\n<li>Extract din muguri de Coac\u0103z negru- <em>Ribes nigrum<\/em>,<\/li>\n<li>Extract de <em>Eupatorium perfoliatum,<\/em><\/li>\n<li>Extract de <em>Pelargonium sidoides<\/em> (Umckaloabo);<\/li>\n<li>Sirop cu zah\u0103r invertit din fructe proaspete de M\u0103ce\u015f &#8211; <em>Rosa canina.<\/em><\/li>\n<\/ul>\n<p><strong>Men\u021biuni de s\u0103n\u0103tate (recomand\u0103ri principale):<br \/><\/strong>Ingredientele naturale din compozi\u021bia I<strong>munorezistan junior r\u0103ceal\u0103 \u0219i grip\u0103 <\/strong>sus\u021bin refacerea \u0219i revitalizarea organismului \u00een timpul virozelor \u0219i infec\u021biilor respiratoria la copii \u00eencep\u00e2nd cu v\u00e2rsta de 1 an.<\/p>\n<p>Se recomand\u0103 utilizarea de la primele semne precum: dureri musculare, cefaleea sociat\u0103 cu globi oculari durero\u0219i.<\/p>\n<p><strong>Mod de utilizare:<br \/>Copii: <\/strong><\/p>\n<ul>\n<li><strong>1 \u2013 2 ani:&nbsp;&nbsp;&nbsp; 3 ml de 2 ori pe zi<\/strong><\/li>\n<li><strong>2 \u2013 4 ani:&nbsp;&nbsp;&nbsp; 3 ml de 3 ori pe zi<\/strong><\/li>\n<li><strong>5 \u2013 7 ani:&nbsp;&nbsp;&nbsp; 5 ml de 3 ori pe zi<\/strong><\/li>\n<li><strong>peste 7 ani: 5 -6 ml de 4 -5 ori pe zi<\/strong><\/li>\n<\/ul>\n<p>\u00cen prima zi se recomand\u0103 un num\u0103r dublu de utiliz\u0103ri.<br \/> Se continu\u0103 utilizarea \u015fi dup\u0103 \u00eembun\u0103t\u0103\u0163irea st\u0103rii generale, timp de \u00eenc\u0103 3-4 zile.<\/p>\n<p><strong>Caracteristicile ambalajului:<br \/><\/strong>Produsul este ambalat \u00een flacoane de sticl\u0103 brun\u0103 de 125 ml prev\u0103zute cu dop \u0219i sering\u0103 dozatoare.<\/p>\n","protected":false},"excerpt":{"rendered":"<p>Con\u021bine: Suc stabilizat \u015fi standardizat ob\u0163inut prin presare la rece din herba \u00eenflorit\u0103 de Echinacea purpurea Extract din muguri de<\/p>\n","protected":false},"featured_media":12027,"comment_status":"closed","ping_status":"open","template":"","meta":[],"product_brand":[],"product_cat":[2643],"product_tag":[],"class_list":{"0":"post-11719","1":"product","2":"type-product","3":"status-publish","4":"has-post-thumbnail","6":"product_cat-fitoterapice","8":"first","9":"instock","10":"product-type-simple"},"jetpack_sharing_enabled":true,"_links":{"self":[{"href":"https:\/\/phoenixplant.ro\/index.php\/wp-json\/wp\/v2\/product\/11719","targetHints":{"allow":["GET"]}}],"collection":[{"href":"https:\/\/phoenixplant.ro\/index.php\/wp-json\/wp\/v2\/product"}],"about":[{"href":"https:\/\/phoenixplant.ro\/index.php\/wp-json\/wp\/v2\/types\/product"}],"replies":[{"embeddable":true,"href":"https:\/\/phoenixplant.ro\/index.php\/wp-json\/wp\/v2\/comments?post=11719"}],"version-history":[{"count":1,"href":"https:\/\/phoenixplant.ro\/index.php\/wp-json\/wp\/v2\/product\/11719\/revisions"}],"predecessor-version":[{"id":11720,"href":"https:\/\/phoenixplant.ro\/index.php\/wp-json\/wp\/v2\/product\/11719\/revisions\/11720"}],"wp:featuredmedia":[{"embeddable":true,"href":"https:\/\/phoenixplant.ro\/index.php\/wp-json\/wp\/v2\/media\/12027"}],"wp:attachment":[{"href":"https:\/\/phoenixplant.ro\/index.php\/wp-json\/wp\/v2\/media?parent=11719"}],"wp:term":[{"taxonomy":"product_brand","embeddable":true,"href":"https:\/\/phoenixplant.ro\/index.php\/wp-json\/wp\/v2\/product_brand?post=11719"},{"taxonomy":"product_cat","embeddable":true,"href":"https:\/\/phoenixplant.ro\/index.php\/wp-json\/wp\/v2\/product_cat?post=11719"},{"taxonomy":"product_tag","embeddable":true,"href":"https:\/\/phoenixplant.ro\/index.php\/wp-json\/wp\/v2\/product_tag?post=11719"}],"curies":[{"name":"wp","href":"https:\/\/api.w.org\/{rel}","templated":true}]}}